{"id":801,"date":"2018-01-15T13:58:14","date_gmt":"2018-01-15T11:58:14","guid":{"rendered":"http:\/\/www.weset-project.eu\/fr\/?page_id=801"},"modified":"2018-01-15T13:58:38","modified_gmt":"2018-01-15T11:58:38","slug":"contact","status":"publish","type":"page","link":"https:\/\/www.weset-project.eu\/fr\/contact\/","title":{"rendered":"Contact"},"content":{"rendered":"<input class=\"fooboxshare_post_id\" type=\"hidden\" value=\"801\"\/><p><img loading=\"lazy\" class=\"aligncenter size-full wp-image-773\" src=\"http:\/\/www.weset-project.eu\/wp-content\/uploads\/2010\/01\/cabecera-contact.jpg\" alt=\"\" width=\"1042\" height=\"350\" srcset=\"https:\/\/www.weset-project.eu\/wp-content\/uploads\/2010\/01\/cabecera-contact.jpg 1042w, https:\/\/www.weset-project.eu\/wp-content\/uploads\/2010\/01\/cabecera-contact-768x258.jpg 768w\" sizes=\"(max-width: 1042px) 100vw, 1042px\" \/><\/p>\n<p>Pour toute information sur le projet WESET, vous pouvez nous envoyer un e-mail \u00e0\u00a0<a href=\"mailto:<!--info@weset-project.eu-->CONTACT\"><!--info@weset-project.eu-->CONTACT<\/a>.<\/p>\n<h3 style=\"text-align: center;\"><strong>Les membres de l&rsquo;\u00e9quipe de coordination de l&rsquo;Universit\u00e9 de Valladolid sont<\/strong><\/h3>\n<p style=\"text-align: center;\"><strong>Coordinateur du projet:<\/strong><br \/>\nFernando Tadeo<br \/>\n<em>\u00c9cole de g\u00e9nie industriel, Universit\u00e9 de Valladolid<\/em><br \/>\n<span class=\"dashicons dashicons-email \"><\/span><a href=\"mailto:fernando.tadeo@uva.es\">fernando.tadeo@uva.es<\/a><\/p>\n<div class=\"one-half first\" style=\"text-align: center;\"><strong>Chef du projet:<\/strong><br \/>\nMarian Calvo<br \/>\n<em>Relations internationales, Universit\u00e9 de Valladolid<\/em><br \/>\n<span class=\"dashicons dashicons-email \"><\/span><a href=\"mailto:mariaangeles.calvo@uva.es\">mariaangeles.calvo@uva.es<\/a><\/div>\n<div class=\"one-half\" style=\"text-align: center;\"><strong>Directeur financier:<\/strong><br \/>\nMiguel Angel Nuevo<br \/>\n<em>Relations internationales, Universit\u00e9 de Valladolid<\/em><br \/>\n<span class=\"dashicons dashicons-email \"><\/span><a href=\"mailto:miguelangel.nuevo@uva.es\">miguelangel.nuevo@uva.es<\/a><\/div>\n","protected":false},"excerpt":{"rendered":"<p>Pour toute information sur le projet WESET, vous pouvez nous envoyer un e-mail \u00e0\u00a0<!--info@weset-project.eu-->CONTACT. Les membres de l&rsquo;\u00e9quipe de coordination de l&rsquo;Universit\u00e9 de Valladolid sont Coordinateur du projet: Fernando Tadeo \u00c9cole de g\u00e9nie industriel, Universit\u00e9 de Valladolid fernando.tadeo@uva.es Chef du projet: Marian Calvo Relations internationales, Universit\u00e9 de Valladolid mariaangeles.calvo@uva.es Directeur financier: Miguel Angel Nuevo Relations [&hellip;]<\/p>\n","protected":false},"author":1450,"featured_media":773,"parent":0,"menu_order":6,"comment_status":"closed","ping_status":"closed","template":"","meta":{"_genesis_hide_title":false,"_genesis_hide_breadcrumbs":false,"_genesis_hide_singular_image":false,"_genesis_hide_footer_widgets":false,"_genesis_custom_body_class":"","_genesis_custom_post_class":"","_genesis_layout":"full-width-content"},"_links":{"self":[{"href":"https:\/\/www.weset-project.eu\/fr\/wp-json\/wp\/v2\/pages\/801"}],"collection":[{"href":"https:\/\/www.weset-project.eu\/fr\/wp-json\/wp\/v2\/pages"}],"about":[{"href":"https:\/\/www.weset-project.eu\/fr\/wp-json\/wp\/v2\/types\/page"}],"author":[{"embeddable":true,"href":"https:\/\/www.weset-project.eu\/fr\/wp-json\/wp\/v2\/users\/1450"}],"replies":[{"embeddable":true,"href":"https:\/\/www.weset-project.eu\/fr\/wp-json\/wp\/v2\/comments?post=801"}],"version-history":[{"count":0,"href":"https:\/\/www.weset-project.eu\/fr\/wp-json\/wp\/v2\/pages\/801\/revisions"}],"wp:featuredmedia":[{"embeddable":true,"href":"https:\/\/www.weset-project.eu\/fr\/wp-json\/wp\/v2\/media\/773"}],"wp:attachment":[{"href":"https:\/\/www.weset-project.eu\/fr\/wp-json\/wp\/v2\/media?parent=801"}],"curies":[{"name":"wp","href":"https:\/\/api.w.org\/{rel}","templated":true}]}}

<input class="fooboxshare_post_id" type="hidden" value="801"/><p><img loading="lazy" class="aligncenter size-full wp-image-773" src="http://www.weset-project.eu/wp-content/uploads/2010/01/cabecera-contact.jpg" alt="" width="1042" height="350" srcset="https://www.weset-project.eu/wp-content/uploads/2010/01/cabecera-contact.jpg 1042w, https://www.weset-project.eu/wp-content/uploads/2010/01/cabecera-contact-768x258.jpg 768w" sizes="(max-width: 1042px) 100vw, 1042px" /></p>
<p>Pour toute information sur le projet WESET, vous pouvez nous envoyer un e-mail à <a href="mailto:<!--info@weset-project.eu-->CONTACT"><!--info@weset-project.eu-->CONTACT</a>.</p>
<h3 style="text-align: center;"><strong>Les membres de l&rsquo;équipe de coordination de l&rsquo;Université de Valladolid sont</strong></h3>
<p style="text-align: center;"><strong>Coordinateur du projet:</strong><br />
Fernando Tadeo<br />
<em>École de génie industriel, Université de Valladolid</em><br />
<span class="dashicons dashicons-email "></span><a href="mailto:fernando.tadeo@uva.es">fernando.tadeo@uva.es</a></p>
<div class="one-half first" style="text-align: center;"><strong>Chef du projet:</strong><br />
Marian Calvo<br />
<em>Relations internationales, Université de Valladolid</em><br />
<span class="dashicons dashicons-email "></span><a href="mailto:mariaangeles.calvo@uva.es">mariaangeles.calvo@uva.es</a></div>
<div class="one-half" style="text-align: center;"><strong>Directeur financier:</strong><br />
Miguel Angel Nuevo<br />
<em>Relations internationales, Université de Valladolid</em><br />
<span class="dashicons dashicons-email "></span><a href="mailto:miguelangel.nuevo@uva.es">miguelangel.nuevo@uva.es</a></div>

<p>Pour toute information sur le projet WESET, vous pouvez nous envoyer un e-mail à <!--info@weset-project.eu-->CONTACT. Les membres de l&rsquo;équipe de coordination de l&rsquo;Université de Valladolid sont Coordinateur du projet: Fernando Tadeo École de génie industriel, Université de Valladolid fernando.tadeo@uva.es Chef du projet: Marian Calvo Relations internationales, Université de Valladolid mariaangeles.calvo@uva.es Directeur financier: Miguel Angel Nuevo Relations [&hellip;]</p>
